3ac2
In base 2, what is -10111001100110010 + -1000010?
-10111001101110100
In base 16, what is 3 + 16a89497?
16a8949a
In base 2, what is 101 + -100100001000011011100111111?
-100100001000011011100111010
In base 3, what is -2 - 110011101012010011?
-110011101012010020
In base 2, what is -1010000 - 100010011101011110110?
-100010011101101000110
In base 4, what is -1123221222211 - -11?
-1123221222200
In base 14, what is ac55 - 676?
a5bd
In base 16, what is 14f + ed727?
ed876
In base 3, what is -10 - -210110012011111?
210110012011101
In base 2, what is -11000 - -1001010000001010100?
1001010000000111100
In base 7, what is -16565510556 + 3?
-16565510553
In base 13, what is 13a40 + 282?
13cc2
In base 6, what is 10330520335 - 2?
10330520333
In base 15, what is -4 - 588dd1?
-588dd5
In base 8, what is 1 + 22342563?
22342564
In base 10, what is 6763 + -9289?
-2526
In base 11, what is -5509a2 + 192?
-550810
In base 8, what is -3064624 - 22?
-3064646
In base 16, what is -14b8f - 7b?
-14c0a
In base 4, what is -32 - -130010322133?
130010322101
In base 9, what is -106 + 21617?
21511
In base 7, what is 21332031151 - 5?
21332031143
In base 6, what is -5 - -1111313210?
1111313201
In base 12, what is 54 + 43618?
43670
In base 8, what is -1365 + 473125?
471540
In base 15, what is -6c48a2 + -2b?
-6c48cd
In base 3, what is 2120020102112202200 + 2?
2120020102112202202
In base 9, what is 438 - 206674?
-206235
In base 7, what is -16153350 + 36?
-16153311
In base 13, what is -7 - -76a8ca?
76a8c3
In base 3, what is -222201122022102200 - -1?
-222201122022102122
In base 9, what is 101387011 - 2?
101387008
In base 8, what is -5 + -15262574?
-15262601
In base 6, what is 1331034 + -10013?
1321021
In base 14, what is -1b3049d + 0?
-1b3049d
In base 7, what is -235250 + -20?
-235300
In base 6, what is 0 + 213141003?
213141003
In base 3, what is -202211122 + -1210012?
-211121211
In base 6, what is 40122432514 + -1?
40122432513
In base 9, what is 643038 + -762?
642166
In base 5, what is -203322133 + -24412?
-203402100
In base 11, what is -391 - 7047?
-7428
In base 14, what is -971731 - a?
-97173b
In base 15, what is 17 - -7d59b?
7d5b3
In base 5, what is -10100 - 23341?
-33441
In base 3, what is -12 + 22002002111011?
22002002110222
In base 8, what is 11461 - -7663?
21344
In base 8, what is -436304 - -4614?
-431470
In base 2, what is -1100000110010 - -11100?
-1100000010110
In base 8, what is -12534 + -36764?
-51520
In base 6, what is 501415 - -55100?
1000515
In base 6, what is 452315034 - 2?
452315032
In base 8, what is -3 - 14031004?
-14031007
In base 6, what is -155133150030 - -5?
-155133150021
In base 10, what is -367 - 816?
-1183
In base 3, what is -1011000222 - 1200001?
-1012201000
In base 13, what is 357738 + 3?
35773b
In base 7, what is 2121661021 + -3?
2121661015
In base 5, what is 311003343 + -1201?
311002142
In base 4, what is -3031230302203 + 2?
-3031230302201
In base 10, what is -47 + -268660?
-268707
In base 2, what is -11101011111111100010001 + -10?
-11101011111111100010011
In base 4, what is 100030203 + -20?
100030123
In base 2, what is -10011101 - -1101111000111101?
1101110110100000
In base 12, what is -1331528 - -1?
-1331527
In base 5, what is -10313 - 2223440?
-2234303
In base 5, what is -1134211140 - 1?
-1134211141
In base 16, what is -402 + -3208?
-360a
In base 4, what is 110321 - 21033100?
-20322113
In base 7, what is -166360536 + 24?
-166360512
In base 12, what is 5a92813 + -5?
5a9280a
In base 14, what is 20 + 3528206?
3528226
In base 15, what is -8 + -139d408?
-139d411
In base 12, what is 77 - -445348?
445403
In base 15, what is -328710 - c2?
-3287d2
In base 14, what is 5 - -5ab016a?
5ab0171
In base 13, what is 6 - 14cb3a0?
-14cb397
In base 7, what is 1641546 + -15?
1641531
In base 7, what is -10531345 + -55?
-10531433
In base 12, what is -270a4 - 65a?
-27742
In base 11, what is -11a + -132091?
-132200
In base 7, what is 44116350 + -26?
44116321
In base 2, what is 100011 - -11100100000010100110?
11100100000011001001
In base 7, what is -246 + -164202?
-164451
In base 11, what is -667aa4 - -159?
-667946
In base 13, what is -158 - 835a7?
-83732
In base 13, what is 20ab03 - -127?
20ac2a
In base 8, what is 55 + -212770?
-212713
In base 10, what is 28808 - 2957?
25851
In base 6, what is -4 - -2030333515?
2030333511
In base 8, what is -21555635 + -20?
-21555655
In base 6, what is -1235041 - -1135?
-1233502
In base 4, what is 3 - 300322001033?
-300322001030
In base 11, what is -6 + 79a169?
79a163
In base 9, what is -7 - -1701644?
1701636
In base 11, what is 37 - 428783?
-428747
In base 6, what is 3013 + -24034?
-21021
In base 4, what is 31232232020 + 1100?
31232233120
In base 10, what is 10721 - -338?
11059
In base 3, what is -10221 + -2121101?
-2202022
In base 9, what is -164061187 + 2?
-164061185
In base 13, what is -1ac726 + -22?
-1ac748
In base 3, what is 2000201 + -11101021120?
-11022020212
In base 8, what is 402 + 17724?
20326
In base 8, what is 4 - -1224015?
1224021
In base 13, what is 9 - -3120?
3129
In base 5, what is -103344 - 111314?
-220213
In base 16, what is 1819eab - 5?
1819ea6
In base 15, what is b0367 - -27?
b038e
In base 12, what is 1055 + 28b5?
394a
In base 13, what is -b45 + -1178?
-1cc0
In base 6, what is -51431252 + -4?
-51431300
In base 12, what is 3b494516a + -1?
3b4945169
In base 3, what is 22122 - -10010122000?
10010221122
In base 9, what is 2 + 5561835?
5561837
In base 9, what is 10 - -1802017?
1802027
In base 8, what is -552 + 27030?
26256
In base 4, what is -130320030 + 113301?
-130200123
In base 7, what is -4 - -10410550?
10410543
In base 7, what is 16436 + 104146?
123615
In base 12, what is b5 - 13907?
-13812
In base 14, what is -155db9c4 + -2?
-155db9c6
In base 15, what is 0 - -1b551273?
1b551273
In base 16, what is 2a00 - 154?
28ac
In base 12, what is -5884 + -2375?
-8039
In base 7, what is 662261522 - -1?
662261523
In base 7, what is 36 - -11620242?
11620311
In base 12, what is -2b032350 - -5?
-2b032347
In base 14, what is -21aa1 + 275?
-2182a
In base 2, what is 10 + 101111000011001100101?
101111000011001100111
In base 8, what is 22 - 7602464?
-7602442
In base 6, what is 12231140 + 4253?
12235433
In base 13, what is -546 - c78?
-14c1
In base 6, what is 2255323553 + -3?
2255323550
In base 10, what is 17 - 382816?
-382799
In base 6, what is -25 + -3335420?
-3335445
In base 12, what is b4 - 40b82?
-40a8a
In base 2, what is 101011 - 1111100001011001001?
-1111100001010011110
In base 6, what is 14 - -35025431?
35025445
In base 4, what is 1003 + 100312132321?
100312133330
In base 2, what is 10011010111000101110 + 1100?
10011010111000111010
In base 10, what is -195323 - 24?
-195347
In base 4, what is 31212233122 + 11310?
31212311032
In base 7, what is -11523 - -16650?
5124
In base 4, what is 11 - -120203110210?
120203110221
In base 7, what is 3630 - -212?
4142
In base 4, what is 2013 + 3100310?
3102323
In base 15, what is 106863 + -2?
106861
In base 9, what is -1646556 + 148?
-1646407
In base 12, what is -109265 + -8?
-109271
In base 3, what is 10121212 + 1211201?
12110120
In base 10, what is -22732 + -77?
-22809
In base 6, what is 55325534 + 3?
55325541
In base 6, what is 43332453242 + -2?
43332453240
In base 2, what is 10010101100010011 - 101110?
10010101011100101
In base 9, what is -887646515 - 2?
-887646517
In base 7, what is 415450 - 10406?
405041
In base 15, what is -95e6a + a7?
-95db3
In base 9, what is 1 + 1844528?
1844530
In base 13, what is -4 + 389b797?
389b793
In base 6, what is 413251220 + 32?
413251252
In base 7, what is 5 - -663643220?
663643225
In base 3, what is -1102000 - 212221110112?
-212222212112
In base 12, what is a914b0b - 4?
a914b07
In base 10, what is -21861241 + 1?
-21861240
In base 11, what is -7898792 + -14?
-78987a6
In base 14, what is a67c8 + -119?
a66ad
In base 15, what is -4 + -1273536?
-127353a
In base 8, what is -654 - -2670?
2014
In base 11, what is -2586 - 9?
-2594
In base 5, what is 13112030 + -23?
13112002
In base 14, what is 23 + -1c02b?
-1c008
In base 12, what is -4 + 289a4225?
289a4221
In base 9, what is -14504064 - -3?
-14504061
In base 3, what is -11101011010 - -12011?
-11100221222
In base 11, what is 14844 - -13a8?
16141
In base 12, what is 35 - 163932?
-1638b9
In base 3, what is -2201100222 + 1?
